{"id":3,"date":"2026-01-11T10:57:09","date_gmt":"2026-01-11T10:57:09","guid":{"rendered":"https:\/\/reizeninmexico.nl\/?page_id=3"},"modified":"2026-01-28T08:12:46","modified_gmt":"2026-01-28T07:12:46","slug":"privacy-policy","status":"publish","type":"page","link":"https:\/\/reizeninmexico.nl\/?page_id=3","title":{"rendered":"Privacyverklaring"},"content":{"rendered":"\n<p>We nemen je privacy serieus en willen je graag informeren over ons Privacy- en Cookiebeleid.<\/p>\n\n\n\n<p>In deze Privacyverklaring lees je welke gegevens we verzamelen en waarom we dat doen. Ook leggen we uit wat we met je gegevens doen en welke rechten je hebt.<\/p>\n\n\n\n<p>Mexico Expert, gevestigd aan Burg. Tobbenstraat 23 6071 GG Swalmen, is verantwoordelijk voor de verwerking van persoonsgegevens zoals weergegeven in deze privacyverklaring.<\/p>\n\n\n\n<p>Contactgegevens:<\/p>\n\n\n\n<p>Burg. Tobbenstraat 23 6071 GG Swalmen<\/p>\n\n\n\n<p>+31633640592<\/p>\n\n\n\n<p>info@reizeninmexico.nl<\/p>\n\n\n\n<h2 class=\"wp-block-heading\">Welke persoonsgegevens verwerken wij?<\/h2>\n\n\n\n<p>Mexico Expert verwerkt je persoonsgegevens doordat je gebruik maakt van onze diensten en\/of omdat je deze gegevens zelf aan ons verstrekt. Hieronder vind je een overzicht van de persoonsgegevens die wij verwerken:<\/p>\n\n\n\n<ul class=\"wp-block-list\">\n<li>Voor- en achternaam, geslacht, adresgegevens en woonplaats en nationaliteit<\/li>\n\n\n\n<li>(Zakelijk) telefoonnummer en (zakelijk) emailadres<\/li>\n\n\n\n<li>Reisdocumentnummer &amp; geldigheid, thuisblijvergegevens, kenteken auto<\/li>\n\n\n\n<li>Bankrekeningnummer, paspoortkopie met voorlegger<\/li>\n\n\n\n<li>Overige persoonsgegevens die je zou kunnen verstrekken, bijvoorbeeld door een profiel aan te maken of in correspondentie en telefonisch<\/li>\n\n\n\n<li>Gegevens over jouw activiteiten op onze website en gegevens over jouw surfgedrag over verschillende websites heen<\/li>\n<\/ul>\n\n\n\n<h2 class=\"wp-block-heading\">Bijzondere en\/of gevoelige persoonsgegevens die wij verwerken<\/h2>\n\n\n\n<p>Het kan per reis verschillen welke persoonsgegevens nodig zijn. Indien het gaat om bijzondere persoonsgegevens zullen wij hiervoor apart toestemming vragen. Het gaat dan met name om persoonsgegevens van personen jonger dan 16 jaar. Voor het gebruik van hun gegevens vragen wij toestemming aan de ouders. Als je er van overtuigd bent dat wij zonder die toestemming persoonlijke gegevens hebben verzameld over een minderjarige, neem dan contact met ons op via info@reizeninmexico.nl, dan verwijderen wij deze informatie.<\/p>\n\n\n\n<p>Wij gaan ervan uit dat bij het doorgeven van thuisblijversgegevens je zelf deze personen hebt ge\u00efnformeerd dat wij hun gegevens verwerken en alleen zullen gebruiken in geval van nood. <\/p>\n\n\n\n<h2 class=\"wp-block-heading\">Mexico Expert verwerkt jouw persoonsgegevens voor de volgende doelen:<\/h2>\n\n\n\n<p>&#8211; Het afhandelen van jouw betaling en verdere administratieve doeleinden<\/p>\n\n\n\n<p>&#8211; Verzenden van onze nieuwsbrief en\/of reclamefolder en het houden van klanttevredenheidsonderzoek om zo onze dienstverlening te kunnen verbeteren.<\/p>\n\n\n\n<p>&#8211; Je te kunnen bellen of e-mailen indien dit nodig is om onze dienstverlening uit te kunnen voeren<\/p>\n\n\n\n<p>&#8211; Je te informeren over wijzigingen van onze diensten en producten<\/p>\n\n\n\n<p>&#8211; Voor de uitvoering van je reis<\/p>\n\n\n\n<p>&#8211; Mexico Expert analyseert jouw gedrag op de website om daarmee de website te verbeteren en het aanbod van producten en diensten af te stemmen op jouw voorkeuren.<\/p>\n\n\n\n<h2 class=\"wp-block-heading\">Hoe lang we persoonsgegevens bewaren<\/h2>\n\n\n\n<p>Mexico Expert bewaart je persoonsgegevens niet langer dan strikt nodig is om de doelen te realiseren waarvoor je gegevens worden verzameld. Wij hanteren de volgende bewaartermijnen voor de volgende (categorie\u00ebn) van persoonsgegevens: <\/p>\n\n\n\n<ul class=\"wp-block-list\">\n<li>Uitvoering van een reis: gedurende de looptijd van de overeenkomst en daarna maximaal 7 jaar in de financi\u00eble administratie<\/li>\n\n\n\n<li>Gegevens van ge\u00efnteresseerden worden bewaard zolang als men als potenti\u00eble klant of ge\u00efnteresseerd beschouwd wordt. Je wordt beschouwd als een ge\u00efnteresseerde op het moment dat je contact met ons opneemt, via sociale media, contactformulier, email, mondeling of visitekaartje.<\/li>\n<\/ul>\n\n\n\n<h2 class=\"wp-block-heading\">Delen van persoonsgegevens met derden<\/h2>\n\n\n\n<p>Mexico Expert deelt jouw persoonsgegevens met verschillende derden als dit noodzakelijk is voor het uitvoeren van de overeenkomst en om te voldoen aan een eventuele wettelijke verplichting. Voorbeelden zijn: leveranciers, uitvoerende partijen, onze eigen administratie en ICT die in handen is van een derde partij. Wij hebben in deze gevallen een verwerkersovereenkomst met hen gesloten. Verder zullen wij uw gegevens niet aan derden verstrekken tenzij dit wettelijk verplicht is. Wij verstrekken geen persoonsgegevens aan derden buiten de EU, tenzij dit noodzakelijk is voor uw reis. <\/p>\n\n\n\n<h2 class=\"wp-block-heading\">Cookies, of vergelijkbare technieken, die wij gebruiken<\/h2>\n\n\n\n<p>Mexico Expert gebruikt alleen technische en functionele cookies. En analytische cookies die geen inbreuk maken op je privacy. Een cookie is een klein tekstbestand dat bij het eerste bezoek aan deze website wordt opgeslagen op jouw computer, tablet of smartphone. De cookies die wij gebruiken zijn noodzakelijk voor de technische werking van de website en jouw gebruiksgemak. Ze zorgen ervoor dat de website naar behoren werkt en onthouden bijvoorbeeld jouw voorkeursinstellingen. Ook kunnen wij hiermee onze website optimaliseren. Je kunt je afmelden voor cookies door je internetbrowser zo in te stellen dat deze geen cookies meer opslaat. Daarnaast kun je ook alle informatie die eerder is opgeslagen via de instellingen van je browser verwijderen.<\/p>\n\n\n\n<h2 class=\"wp-block-heading\">Gegevens inzien, aanpassen of verwijderen<\/h2>\n\n\n\n<p>Je hebt het recht om je persoonsgegevens in te zien, te corrigeren of te verwijderen. Daarnaast heb je het recht om je eventuele toestemming voor de gegevensverwerking in te trekken of bezwaar te maken tegen de verwerking van jouw persoonsgegevens door Mexico Expert en heb je het recht op gegevensoverdraagbaarheid. Dat betekent dat je bij ons een verzoek kan indienen om de persoonsgegevens die wij van jou beschikken in een computerbestand naar jou of een ander, door jou genoemde organisatie, te sturen. Je kunt een verzoek tot inzage, correctie, verwijdering, gegevensoverdraging van je persoonsgegevens of verzoek tot intrekking van je toestemming of bezwaar op de verwerking van jouw persoonsgegevens sturen naar info@reizeninmexico.nl. Om er zeker van te zijn dat het verzoek tot inzage door jou is gedaan, vragen wij jou een kopie van je identiteitsbewijs met het verzoek mee te sturen. Maak in deze kopie je pasfoto, MRZ (machine readable zone, de strook met nummers onderaan het paspoort), paspoortnummer en Burgerservicenummer (BSN) zwart. Dit ter bescherming van je privacy. We reageren zo snel mogelijk, maar binnen vier weken, op jouw verzoek . Mexico Expert wil je er tevens op wijzen dat je de mogelijkheid hebt om een klacht in te dienen bij de nationale toezichthouder, de Autoriteit Persoonsgegevens. Dat kan via de volgende link: https:\/\/autoriteitpersoonsgegevens.nl\/nl\/contact-met-de-autoriteit-persoonsgegevens\/tip-ons<\/p>\n\n\n\n<h2 class=\"wp-block-heading\">Hoe wij persoonsgegevens beveiligen<\/h2>\n\n\n\n<p>Mexico Expert neemt de bescherming van jouw gegevens serieus en neemt passende maatregelen om misbruik, verlies, onbevoegde toegang, ongewenste openbaarmaking en ongeoorloofde wijziging tegen te gaan. Als jij het idee hebt dat jouw gegevens toch niet goed beveiligd zijn of er aanwijzingen zijn van misbruik, neem dan contact op met onze klantenservice of via info@reizeninmexico.nl<\/p>\n","protected":false},"excerpt":{"rendered":"<p>We nemen je privacy serieus en willen je graag informeren over ons Privacy- en Cookiebeleid. In deze Privacyverklaring lees je welke gegevens we verzamelen en waarom we dat doen. Ook leggen we uit wat we met je gegevens doen en welke rechten je hebt. Mexico Expert, gevestigd aan Burg. Tobbenstraat 23 6071 GG Swalmen, is [&hellip;]<\/p>\n<div class=\"read-more\"><a href=\"https:\/\/reizeninmexico.nl\/?page_id=3\" class=\"read-more-link\">Read More&#8230;<\/a><\/div>\n","protected":false},"author":1,"featured_media":0,"parent":0,"menu_order":0,"comment_status":"closed","ping_status":"open","template":"","meta":{"footnotes":""},"class_list":["post-3","page","type-page","status-publish","hentry"],"yoast_head":"<!-- This site is optimized with the Yoast SEO plugin v27.5 - https:\/\/yoast.com\/product\/yoast-seo-wordpress\/ -->\n<title>Privacyverklaring -<\/title>\n<meta name=\"robots\" content=\"index, follow, max-snippet:-1, max-image-preview:large, max-video-preview:-1\" \/>\n<link rel=\"canonical\" href=\"https:\/\/reizeninmexico.nl\/?page_id=3\" \/>\n<meta property=\"og:locale\" content=\"nl_NL\" \/>\n<meta property=\"og:type\" content=\"article\" \/>\n<meta property=\"og:title\" content=\"Privacyverklaring -\" \/>\n<meta property=\"og:description\" content=\"We nemen je privacy serieus en willen je graag informeren over ons Privacy- en Cookiebeleid. In deze Privacyverklaring lees je welke gegevens we verzamelen en waarom we dat doen. Ook leggen we uit wat we met je gegevens doen en welke rechten je hebt. Mexico Expert, gevestigd aan Burg. Tobbenstraat 23 6071 GG Swalmen, is [&hellip;]Read More...\" \/>\n<meta property=\"og:url\" content=\"https:\/\/reizeninmexico.nl\/?page_id=3\" \/>\n<meta property=\"article:modified_time\" content=\"2026-01-28T07:12:46+00:00\" \/>\n<meta name=\"twitter:card\" content=\"summary_large_image\" \/>\n<meta name=\"twitter:label1\" content=\"Geschatte leestijd\" \/>\n\t<meta name=\"twitter:data1\" content=\"5 minuten\" \/>\n<script type=\"application\/ld+json\" class=\"yoast-schema-graph\">{\"@context\":\"https:\\\/\\\/schema.org\",\"@graph\":[{\"@type\":\"WebPage\",\"@id\":\"https:\\\/\\\/reizeninmexico.nl\\\/?page_id=3\",\"url\":\"https:\\\/\\\/reizeninmexico.nl\\\/?page_id=3\",\"name\":\"Privacyverklaring -\",\"isPartOf\":{\"@id\":\"https:\\\/\\\/reizeninmexico.nl\\\/#website\"},\"datePublished\":\"2026-01-11T10:57:09+00:00\",\"dateModified\":\"2026-01-28T07:12:46+00:00\",\"breadcrumb\":{\"@id\":\"https:\\\/\\\/reizeninmexico.nl\\\/?page_id=3#breadcrumb\"},\"inLanguage\":\"nl-NL\",\"potentialAction\":[{\"@type\":\"ReadAction\",\"target\":[\"https:\\\/\\\/reizeninmexico.nl\\\/?page_id=3\"]}]},{\"@type\":\"BreadcrumbList\",\"@id\":\"https:\\\/\\\/reizeninmexico.nl\\\/?page_id=3#breadcrumb\",\"itemListElement\":[{\"@type\":\"ListItem\",\"position\":1,\"name\":\"Home\",\"item\":\"https:\\\/\\\/reizeninmexico.nl\\\/\"},{\"@type\":\"ListItem\",\"position\":2,\"name\":\"Privacyverklaring\"}]},{\"@type\":\"WebSite\",\"@id\":\"https:\\\/\\\/reizeninmexico.nl\\\/#website\",\"url\":\"https:\\\/\\\/reizeninmexico.nl\\\/\",\"name\":\"Mexico Expert\",\"description\":\"Reizen in Mexico\",\"publisher\":{\"@id\":\"https:\\\/\\\/reizeninmexico.nl\\\/#organization\"},\"potentialAction\":[{\"@type\":\"SearchAction\",\"target\":{\"@type\":\"EntryPoint\",\"urlTemplate\":\"https:\\\/\\\/reizeninmexico.nl\\\/?s={search_term_string}\"},\"query-input\":{\"@type\":\"PropertyValueSpecification\",\"valueRequired\":true,\"valueName\":\"search_term_string\"}}],\"inLanguage\":\"nl-NL\"},{\"@type\":\"Organization\",\"@id\":\"https:\\\/\\\/reizeninmexico.nl\\\/#organization\",\"name\":\"Mexico Expert\",\"url\":\"https:\\\/\\\/reizeninmexico.nl\\\/\",\"logo\":{\"@type\":\"ImageObject\",\"inLanguage\":\"nl-NL\",\"@id\":\"https:\\\/\\\/reizeninmexico.nl\\\/#\\\/schema\\\/logo\\\/image\\\/\",\"url\":\"https:\\\/\\\/reizeninmexico.nl\\\/wp-content\\\/uploads\\\/2026\\\/04\\\/cropped-cropped-Logo-Mexico-Expert-rechthoekig.png\",\"contentUrl\":\"https:\\\/\\\/reizeninmexico.nl\\\/wp-content\\\/uploads\\\/2026\\\/04\\\/cropped-cropped-Logo-Mexico-Expert-rechthoekig.png\",\"width\":197,\"height\":93,\"caption\":\"Mexico Expert\"},\"image\":{\"@id\":\"https:\\\/\\\/reizeninmexico.nl\\\/#\\\/schema\\\/logo\\\/image\\\/\"}}]}<\/script>\n<!-- \/ Yoast SEO plugin. -->","yoast_head_json":{"title":"Privacyverklaring -","robots":{"index":"index","follow":"follow","max-snippet":"max-snippet:-1","max-image-preview":"max-image-preview:large","max-video-preview":"max-video-preview:-1"},"canonical":"https:\/\/reizeninmexico.nl\/?page_id=3","og_locale":"nl_NL","og_type":"article","og_title":"Privacyverklaring -","og_description":"We nemen je privacy serieus en willen je graag informeren over ons Privacy- en Cookiebeleid. In deze Privacyverklaring lees je welke gegevens we verzamelen en waarom we dat doen. Ook leggen we uit wat we met je gegevens doen en welke rechten je hebt. Mexico Expert, gevestigd aan Burg. Tobbenstraat 23 6071 GG Swalmen, is [&hellip;]Read More...","og_url":"https:\/\/reizeninmexico.nl\/?page_id=3","article_modified_time":"2026-01-28T07:12:46+00:00","twitter_card":"summary_large_image","twitter_misc":{"Geschatte leestijd":"5 minuten"},"schema":{"@context":"https:\/\/schema.org","@graph":[{"@type":"WebPage","@id":"https:\/\/reizeninmexico.nl\/?page_id=3","url":"https:\/\/reizeninmexico.nl\/?page_id=3","name":"Privacyverklaring -","isPartOf":{"@id":"https:\/\/reizeninmexico.nl\/#website"},"datePublished":"2026-01-11T10:57:09+00:00","dateModified":"2026-01-28T07:12:46+00:00","breadcrumb":{"@id":"https:\/\/reizeninmexico.nl\/?page_id=3#breadcrumb"},"inLanguage":"nl-NL","potentialAction":[{"@type":"ReadAction","target":["https:\/\/reizeninmexico.nl\/?page_id=3"]}]},{"@type":"BreadcrumbList","@id":"https:\/\/reizeninmexico.nl\/?page_id=3#breadcrumb","itemListElement":[{"@type":"ListItem","position":1,"name":"Home","item":"https:\/\/reizeninmexico.nl\/"},{"@type":"ListItem","position":2,"name":"Privacyverklaring"}]},{"@type":"WebSite","@id":"https:\/\/reizeninmexico.nl\/#website","url":"https:\/\/reizeninmexico.nl\/","name":"Mexico Expert","description":"Reizen in Mexico","publisher":{"@id":"https:\/\/reizeninmexico.nl\/#organization"},"potentialAction":[{"@type":"SearchAction","target":{"@type":"EntryPoint","urlTemplate":"https:\/\/reizeninmexico.nl\/?s={search_term_string}"},"query-input":{"@type":"PropertyValueSpecification","valueRequired":true,"valueName":"search_term_string"}}],"inLanguage":"nl-NL"},{"@type":"Organization","@id":"https:\/\/reizeninmexico.nl\/#organization","name":"Mexico Expert","url":"https:\/\/reizeninmexico.nl\/","logo":{"@type":"ImageObject","inLanguage":"nl-NL","@id":"https:\/\/reizeninmexico.nl\/#\/schema\/logo\/image\/","url":"https:\/\/reizeninmexico.nl\/wp-content\/uploads\/2026\/04\/cropped-cropped-Logo-Mexico-Expert-rechthoekig.png","contentUrl":"https:\/\/reizeninmexico.nl\/wp-content\/uploads\/2026\/04\/cropped-cropped-Logo-Mexico-Expert-rechthoekig.png","width":197,"height":93,"caption":"Mexico Expert"},"image":{"@id":"https:\/\/reizeninmexico.nl\/#\/schema\/logo\/image\/"}}]}},"_links":{"self":[{"href":"https:\/\/reizeninmexico.nl\/index.php?rest_route=\/wp\/v2\/pages\/3","targetHints":{"allow":["GET"]}}],"collection":[{"href":"https:\/\/reizeninmexico.nl\/index.php?rest_route=\/wp\/v2\/pages"}],"about":[{"href":"https:\/\/reizeninmexico.nl\/index.php?rest_route=\/wp\/v2\/types\/page"}],"author":[{"embeddable":true,"href":"https:\/\/reizeninmexico.nl\/index.php?rest_route=\/wp\/v2\/users\/1"}],"replies":[{"embeddable":true,"href":"https:\/\/reizeninmexico.nl\/index.php?rest_route=%2Fwp%2Fv2%2Fcomments&post=3"}],"version-history":[{"count":3,"href":"https:\/\/reizeninmexico.nl\/index.php?rest_route=\/wp\/v2\/pages\/3\/revisions"}],"predecessor-version":[{"id":109,"href":"https:\/\/reizeninmexico.nl\/index.php?rest_route=\/wp\/v2\/pages\/3\/revisions\/109"}],"wp:attachment":[{"href":"https:\/\/reizeninmexico.nl\/index.php?rest_route=%2Fwp%2Fv2%2Fmedia&parent=3"}],"curies":[{"name":"wp","href":"https:\/\/api.w.org\/{rel}","templated":true}]}}